450)/(-30)?
2
Let i = 125 - 31. What is the tens digit of i?
9
Let q(f) = -39*f - 9. What is the units digit of q(-3)?
8
Let y be (46/(-4))/(6/(-12)). Let i = y + -14. What is the units digit of i?
9
Suppose -6 = 2*q - 4*q. Let b be q/6*1*10. Suppose b*x + 4 = 24. What is the units digit of x?
4
Suppose 0 = -2*i + 5*i - 15. Suppose -i*w + 92 = -8. Let v = w - -1. What is the tens digit of v?
2
Suppose -17*p + 21*p - 840 = 0. What is the hundreds digit of p?
2
Let u = -7 + 9. Suppose -f - 26 = -u*f. What is the units digit of f?
6
Let u(g) = -4 + 5 + 6 - g. What is the units digit of u(-9)?
6
Let d = -91 + 129. What is the units digit of d?
8
Let r(h) = -5*h - 5. Let k(o) = o**3 - 4*o**2 - 8*o + 10. Let v be k(5). What is the units digit of r(v)?
0
Let n(l) = 2*l**2 + 6*l + 6. What is the units digit of n(-6)?
2
Suppose 0 = -g + 2*n - 78, -g = -3*g - 5*n - 201. Let m = 135 + g. What is the units digit of m?
7
Let t(h) = -2*h**3 - 3*h**2 + 4*h + 2. What is the tens digit of t(-4)?
6
Let g(w) = -w**3 - 7*w**2 - 3*w + 6. Let b be g(-7). What is the units digit of (-194)/(-18) + 6/b?
1
Let m(c) = c**2 + 6*c - 9. Let f be m(-7). Let k(q) = -22*q - 3. What is the tens digit of k(f)?
4
What is the units digit of 3/(-4) + (-2 - 203/(-4))?
8
Let t = 1 - 0. Let k = -1 + t. Suppose 5*n - 25 + k = 0. What is the units digit of n?
5
Let p(l) = -l**2 - l + 9. Suppose 5*a = 2*g - 19, 29 = -0*a - 4*a - 3*g. Let j = -5 - a. What is the units digit of p(j)?
9
Suppose 3*m - 10 - 26 = 0. Suppose 0 = -4*d - 0*d + m. What is the units digit of ((-2)/d)/(5/(-45))?
6
Suppose z + 3*z - 8*z = 0. Let x = -90 - -128. Suppose -3*k + x = 5*c - z*c, -5*k = -3*c - 18. What is the units digit of k?
6
Let q(o) = 27*o - 6. Let d be q(-6). What is the tens digit of 2/(-10) - d/15?
1
Let i(h) = -10*h**3 - h**2 - 2*h - 1. What is the units digit of i(-1)?
0
What is the tens digit of -2 + 20/(-8)*-38?
9
Let g(l) = l**2 + 12*l + 12. Let f(z) = -2*z**3 + z**2 + 2*z - 2. Let o be f(2). Let m be g(o). What is the units digit of (m/(-5))/(1/5)?
8
Suppose 2*k - 1 = 1, -722 = -4*m - 2*k. Suppose 2*j = -c - j + 53, -m = -4*c - 4*j. What is the units digit of c?
1
What is the tens digit of (-1006)/(-3) + 3 + (-42)/18?
3
Suppose 0*d + 5*d - 45 = 0. Let i be ((-3)/(-3))/(1/d). What is the units digit of (2 - 2) + i - -2?
1
Let l(k) = k + 12. Let c be l(0). Suppose -4*g - c = -3*g. What is the units digit of (-3 + g)*(0 - 1)?
5
Let k = -9 + 14. Let w(r) = 6*r**2 - r**3 + r**2 - 7 - r**2 - 3*r. What is the units digit of w(k)?
3
Let q = 5 + 2. What is the units digit of ((-18)/q)/((-10)/70)?
8
What is the units digit of ((-21)/9)/((-5)/15)?
7
Let n = -6 - -9. Suppose n*v = -3*k - 6, 0 = -4*k + k + 3*v + 24. Suppose 0 = -2*w - k*f - 9, 4*f = 5*w + 3*f - 20. What is the units digit of w?
3
Let b = -34 - -82. What is the units digit of b?
8
Suppose -5*c - 2*w = -91, -2*c + 12 = -2*w - 16. Let d = 38 - c. What is the tens digit of d?
2
Let d = 40 - 9. What is the units digit of d?
1
Suppose -2*s + 6*s = 60. Suppose i = -4*i - 2*z + 35, -5*i + 2*z = -s. Suppose v = 3*q - 28, 0 = -2*q - i*v - 5 + 1. What is the units digit of q?
8
Let k be -13 - (0 - (-3 + 2)). Let z = k + 31. What is the units digit of z?
7
Let x be ((-15)/10)/(3/(-8)). Suppose -d + 79 = z + x*z, 5*z = -3*d + 87. What is the units digit of z?
5
Suppose -2*d + 4*d = -g + 4, 0 = 2*g - 4*d + 8. Suppose -m - 3 + 5 = g. What is the units digit of (-24)/(-3) + 2/m?
9
Suppose 3*g = -0*g + 183. What is the tens digit of g?
6
What is the tens digit of 4/(-16)*2*-68?
3
Let x be 0 - -1 - (2 + -3). Suppose -7*q = 3*a - x*q - 4, -2*a - 2*q + 8 = 0. What is the units digit of a?
8
Let t(l) = 16*l - 1. Let y(f) = -f**3 - 10*f**2 + 10*f - 8. Let k be y(-11). Let a = -2 + k. What is the units digit of t(a)?
5
Let t = 1 - -5. Let q be (-3)/t + 3/2. What is the units digit of (1 - 12/(-3))*q?
5
Let k(i) = -3 - 3 + 4 + 3*i - 7. What is the units digit of k(8)?
5
What is the tens digit of (-8)/(-6) - 2912/(-48)?
6
Let a(d) = -3*d - 3. Let v be a(-2). Let o be 12/8*4/v. What is the units digit of 17/o + 1/(-2)?
8
Suppose 0*n - 5*n = -100. What is the units digit of n?
0
Let k = -9 + 1. Let s be (-38)/(-8) + (-2)/k. Suppose -s*l + 0*l = -10. What is the units digit of l?
2
Let k = 16 + -11. What is the units digit of k?
5
Suppose -65 = -g + 3*d, 3*g = g + 3*d + 115. What is the units digit of g?
0
Let w = -18 - -31. What is the tens digit of w?
1
Let q(g) = g**3 - g**2 + 6. Suppose 0 = 3*c - 3*x - 3, 0*c - 5*c + 2*x = -2. What is the units digit of q(c)?
6
Suppose -x + 5*u = -316, -2*x + 4*x = 4*u + 662. What is the hundreds digit of x?
3
Let h = -8 + -2. Let g be (h + 2)/(2/(-7)). What is the units digit of 2/(-8) - (-567)/g?
0
Let c(w) be the second derivative of 7/6*w**3 + 5/2*w**2 + 1/20*w**5 + 1/2*w**4 + 0 - w. What is the units digit of c(-4)?
9
Let v = 12 - 19. Let f(m) = -2*m - 7. Let j be f(v). Suppose h - j = 3. What is the units digit of h?
0
Let a = 1 + 3. Suppose -4*t + 20 = a*y, 3*y - 3*t + 0 = 3. Suppose y*z + l - 10 = 0, z + 35 = 5*z - 3*l. What is the units digit of z?
5
Let t = -10 - -36. Suppose -n - 40 = -3*w, 0 = -4*w - n + 18 + t. Suppose -15 - w = -3*x. What is the units digit of x?
9
Let o(a) = a**3 + 2*a**2 - a - 2. Let g be o(-3). Let i = -8 - g. Suppose i = -5*w + 3*d + 8, -3*w - 8 + 4 = -4*d. What is the units digit of w?
4
Suppose 9 = s - 2. What is the tens digit of s?
1
What is the tens digit of 550/5 + -1 + -2 + 1?
0
Let d(j) = j**3 - 7*j**2 + 6*j. Let q be d(6). Suppose q = l + 3*l - 108. What is the units digit of l?
7
Suppose -4*k = -k + 63. Let c be (-6)/21 + (-100)/(-7). What is the tens digit of 64/6 + c/k?
1
Let w = 36 + -6. Suppose w + 0 = 2*v. What is the units digit of v?
5
Let z = 4 + 2. Let q = z + -4. Suppose -q*c = 3*n - 21, 4 = -2*n + 5*c - 1. What is the units digit of n?
5
Let o(i) = i**2 + 2*i + 3. Let t be o(-4). Let b(h) = h - 7. Let y be b(0). Let w = t + y. What is the units digit of w?
4
Let o be 38/4 - (-2)/4. Suppose 0*g + 5*g - o = 0. Suppose -g*q + q - y + 1 = 0, 4 = 4*q - 5*y. What is the units digit of q?
1
Let t = -5 + 12. Let z(g) = g - 9. Let m be z(t). What is the units digit of -1*2*(m + -1)?
6
Suppose k + 0 - 2 = 0. What is the units digit of k/(2/1) - -20?
1
Let s be -2 - (2 - 2 - 2). Let u be (1 - (0 + s)) + -3. Let v = u - -8. What is the units digit of v?
6
Let w(f) = f - 1. Let d be w(2). Let m(a) = -4 - 2*a**2 + a - d + a**3 + 4. What is the units digit of m(3)?
1
Let y = 14 + -8. What is the units digit of y?
6
Let i be 1/(-2)*2 + -4. Let v(z) = 3*z**2 - 1. Let w be v(i). What is the tens digit of w/8 - (-18)/24?
1
Let s be 23 + 2*(-4)/8. Suppose -s = -q + 2*d, 5*q - 4*d + d = 131. What is the units digit of q?
8
Let t = 14 - 8. Suppose -t*g + 78 = -4*g. What is the units digit of g?
9
What is the hundreds digit of -1*15/5*-101?
3
Let l be (-1)/(6/105)*-6. Suppose 0*m - l = -3*m. Suppose -y - m = -5*v - 2*y, v - 16 = -2*y. What is the units digit of v?
6
Suppose 6 = 2*c - 14. What is the units digit of c?
0
Let n = 9 - 4. Suppose n*w - 3*w = 22. What is the tens digit of w?
1
Let d(x) = -x**2 + 5*x + 8. Let a be d(7). What is the units digit of a/(-9)*(0 - -12)?
8
Let l = -123 + 210. Suppose -4*u - 5*f + l = -29, 0 = -5*u - f + 124. What is the tens digit of u?
2
Let n be (-2)/10 + 16/5. Suppose 0 = n*f - f + 6. What is the units digit of (6/6)/((-1)/f)?
3
Let m = 3 + -1. Suppose -4*h = 5*t + 16, 0*t + 3*h + 5 = -m*t. What is the units digit of 6/((-6)/3 - t)?
3
Let t(y) = y**3 - 6*y**2 - 2*y + 5. Let r be t(6). Let s = r + 5. Let l = 4 - s. What is the units digit of l?
6
Let a(x) = x**3 - 5*x**2 + 4*x + 5. Suppose m = 3 + 1. What is the units digit of a(m)?
5
Let s = 179 - 33. What is the hundreds digit of s?
1
Let t(n) = n + 12. Let a be t(-8). What is the tens digit of 3 + a + -4 + 43?
4
Let j = 29 + -17. Let l(f) = -f - f + j + f. What is the units digit of l(9)?
3
Let h(f) be the second derivative of f**5/20 + 5*f**4/12 + f**3/2 - f**2/2 + 2*f. Let y = -5 - -2. What is the units digit of h(y)?
8
Suppose h - 2*y = -0*h + 28, 2*h - 3*y - 52 = 0. What is the units digit of h?
0
Let o be (-1 - -1) + 7 - 2. Suppose 0 = -o*z + 2*z. Suppose 27 = 3*d + 2*b, -d = -b - z - 9. What i